10
Let t = -15 + 47. Calculate the remainder when t is divided by 1*(-5 + 14 + 0/(-2)).
5
Suppose -4*q = -3*q + 260. What is the remainder when q/(-8) + 2/4 is divided by 17?
16
Suppose -i = -2 - 1. Let q(l) = -6*l + 5*l**i + 8*l - 2*l**2 - 1 + 6*l**3. Calculate the remainder when 29 is divided by q(1).
9
Let w = 19 - 12. Let x = -7 + w. Suppose 4*m = -x*m + 56. Calculate the remainder when 40 is divided by m.
12
Calculate the remainder when ((-45)/(-6))/((3/2)/3) is divided by 6.
3
Let w(y) = -2 + y**3 - y + y**2 + y**2 - y. Let a be w(-3). Let b(i) = -3*i - 2. What is the remainder when 37 is divided by b(a)?
11
Let z(a) = a**3 - 20*a**2 + a - 5. Calculate the remainder when 42 is divided by z(20).
12
Let f = -19 + 26. Calculate the remainder when 25 is divided by f.
4
Let q(n) = -n**3 + 2*n**2 - 2*n + 1. Let y = 5 - 4. Let f be q(y). Suppose -m + 44 = 4*l - 3*m, f = -3*m. What is the remainder when 32 is divided by l?
10
Let z(a) = -a - 2. Suppose 4*f + 30 = -2*g, -7 = f - 0*g + g. Calculate the remainder when 10 is divided by z(f).
4
Let x(t) = t**3 - 2*t**2 - 3*t + 1. Suppose 3*m - 8 = 1. Calculate the remainder when 1 is divided by x(m).
0
Suppose 0*j - 14 = -4*j + 5*v, 3*v + 6 = 0. What is the remainder when 28/((-2 + 10)/4) is divided by 8/(j*(-1 - -2))?
6
What is the remainder when 15 is divided by 12/(-5)*10/(-4)?
3
Suppose 350 = 4*y + 3*y. What is the remainder when 248 is divided by y?
48
Suppose 8*w = 88 + 488. Calculate the remainder when w is divided by 19.
15
Let o be 61/9 + (-4)/(-18). Suppose 5*k = 2*q - 1, 0 = 4*q - 9*k + 4*k - o. Calculate the remainder when (2 - 1) + 5*q is divided by 9.
7
Suppose 5*r = 20, 0 = z + 5*r + 1 - 17. What is the remainder when 5/((-10)/4) - -24 is divided by 82/7 - z/14?
10
Let n be -2 + (2 - -3)*1. Let i be -1 - (-8 - -1 - n). Let f = 15 - i. Calculate the remainder when 9 is divided by f.
3
Let j = -31 - -53. What is the remainder when j is divided by 3/(-2 + (-38)/(-16))?
6
Suppose -a - 4*c - 22 = -93, -5*c = 5. Calculate the remainder when a is divided by 19.
18
Let d(j) = j + 10. Let a be d(-7). Let n be 6/(-4)*(-4)/a. Suppose -q - n = -9. What is the remainder when 19 is divided by q?
5
Suppose -5*x = -2*w - 0 + 1, 2*x - 62 = -4*w. Calculate the remainder when w is divided by 9.
4
Let h(f) = 3*f - 4 - 2*f + 7. Suppose 0 = 7*g + 92 - 99. What is the remainder when h(0) is divided by g?
0
Let n(j) = -j + 2. Let z be n(0). Suppose z*y = 21 + 19. Suppose 5*q - 3*v - 69 = -11, -3*q - 5*v + 28 = 0. Calculate the remainder when y is divided by q.
9
Let z be 10 - 11 - (-42)/2. Let j = 40 - z. Calculate the remainder when 35 is divided by j.
15
Let c = -36 - -50. What is the remainder when c is divided by 5?
4
Let h(d) = -2*d + 2. Let i be h(7). Let x be ((-18)/i)/(2/4). Suppose -r - 3*r - x*v = -85, -2*r - v = -45. Calculate the remainder when r is divided by 13.
12
Suppose -f + 4*o - 2*o = -27, -2*f + 14 = 4*o. Suppose 15 = 2*y + 3*y. Suppose 4 + 14 = y*x. Calculate the remainder when f is divided by x.
5
Suppose -18 = 2*p - 2*i - 2*i, -4*i + 25 = 5*p. Let c be (0 + p + -1)/1. What is the remainder when 17 is divided by 0 + (c - 0 - -6)?
5
Calculate the remainder when (1 - 0) + 48 - -2 is divided by 27.
24
Let g = -29 - -30. Suppose 3 + 0 = 3*f. Calculate the remainder when f is divided by g.
0
Let u(p) = 11*p**3 + 11*p**2 + 11*p - 26. Let i(z) = 5*z**3 + 5*z**2 + 5*z - 13. Let w(j) = -9*i(j) + 4*u(j). What is the remainder when w(0) is divided by 5?
3
Suppose 3*k = 5*s - 26, -s - k = -0*k - 10. Let o = -4 - -11. Suppose 2*h - s = h - 2*b, h - o = b. Calculate the remainder when 12 is divided by h.
5
Let b be 2/6 + (-159)/(-9). Let v = -11 + b. What is the remainder when 8/(-10) + (-2871)/(-145) is divided by v?
5
Let d = -54 + 222. Calculate the remainder when d is divided by 17.
15
Suppose 9 = -2*q - 59. What is the remainder when 33 is divided by (4 + -3)/((-2)/q)?
16
Let y(k) = -k**2 - 8*k - 4. Let d be y(-6). Calculate the remainder when (64/d)/((-2)/(-11)) is divided by 9.
8
Let q(c) = -13*c - 6. Calculate the remainder when 79 is divided by q(-2).
19
Suppose -2*p - 16 = -4*p. Let d = -7 - -34. Calculate the remainder when d is divided by (84/p)/(6/8).
13
Suppose -2*c - r = 4*r - 19, -7 = -5*c + r. What is the remainder when (-781)/(-9) + c/9 is divided by 22?
21
Let b = -39 - -47. What is the remainder when 63 is divided by b?
7
Let t(s) = 14*s - 50. Calculate the remainder when t(6) is divided by 19.
15
Calculate the remainder when 8 is divided by 16/(-24) - 17/(-3).
3
Let t be (-3)/(-12) + (-82)/8. Let i = 3 - t. Let m = 3 + 22. Calculate the remainder when m is divided by i.
12
Suppose 0 = 2*r - r - 4. Suppose -r*z = 2 - 38. Calculate the remainder when (-1)/(-3) - (-148)/6 is divided by z.
7
Let p = 101 + -62. What is the remainder when 113 is divided by p?
35
Let r(t) = t**2 + t + 4. What is the remainder when r(6) is divided by 2/(-16) + 873/72 + 4?
14
Let p(x) = x + 15. Let k = 5 + -5. Calculate the remainder when p(k) is divided by 8.
7
Suppose 7 = 2*n - 1. Calculate the remainder when n/(-14) + (-395)/(-35) is divided by 3.
2
Suppose 0*z = 2*z - 94. What is the remainder when z is divided by 12?
11
Let s = 1 - -22. Let i = s + -16. Calculate the remainder when 12 is divided by i.
5
Suppose -4 = 8*m - 4*m. Let g be ((-15)/12)/(m/44). Suppose a - g = -4*a. What is the remainder when a is divided by 6?
5
Suppose -3*m = -6 - 0. Calculate the remainder when 94 is divided by (16 - -3) + m - -3.
22
Let b = -33 + 46. What is the remainder when 38 is divided by b?
12
Suppose 14*g - 5 = 13*g. What is the remainder when g is divided by 5?
0
Let v = -13 + 18. Suppose -4*s - 50 = -3*q, -2*q + 0*s - v = 5*s. What is the remainder when (1/2 + -1)*-58 is divided by q?
9
Let y(j) be the third derivative of j**5/60 - j**4/8 - 2*j**3/3 - 2*j**2. Calculate the remainder when 26 is divided by y(6).
12
Let x = 15 + -9. Suppose 7*d - 6*d = -24. Calculate the remainder when (-4)/(-1)*d/(-6) is divided by x.
4
Suppose -4*s = -0*s + 92. Let p = s - -65. What is the remainder when p is divided by 22?
20
Let m(c) = c + 4. Calculate the remainder when 38 is divided by m(9).
12
Suppose 2*f = -4*j + 28, -2*f - 3*j = 2*j - 29. Calculate the remainder when f is divided by 5.
2
Let a = 11 - 2. Suppose -2*q - a = -77. Calculate the remainder when q is divided by 12.
10
Let p(k) = k**2 + 5*k - 1. Let a be p(-5). What is the remainder when -3 - 68/(-1 + a) is divided by 11?
9
Suppose -5*r = -r - 28. Suppose -r - 9 = -b + 2*w, -3*b + 33 = -3*w. Suppose 0 = y - b*y + 30. Calculate the remainder when 21 is divided by y.
3
Suppose -d - 16 = -3*d - 4*t, 3*d = -2*t + 8. Suppose 2*s + d*s = 36. Calculate the remainder when 34 is divided by s.
16
Let y = -22 - -24. Suppose l = -y*l + 6. What is the remainder when (-80)/(-14) + 4/14 is divided by l?
0
Let k(g) = 8 + 2 - 3*g + 1 - 3. Calculate the remainder when 55 is divided by k(-7).
26
Let m(q) = q. Let n be m(3). Suppose 2*x - 10 = 4*t, -3*x + n = -0*x - 3*t. Calculate the remainder when x/3 + -1 - -39 is divided by 19.
18
Let h = -8 + 13. Let p(c) = c**2 + 3*c - 3. Calculate the remainder when p(h) is divided by 10.
7
Let p(z) = -z**2 + z + 1. Let m be p(4). Suppose 4*g - 6 = -30. Let k = g - m. Calculate the remainder when 13 is divided by k.
3
Let j = 129 - 68. Calculate the remainder when j is divided by 32.
29
Suppose 0*b = 4*b. Suppose l - 13 = -b. Suppose -2*c = -7 - l. What is the remainder when c is divided by 6?
4
Let q = 16 + -4. Let p = -6 + q. Suppose 4*z - 15 = -j + p, 24 = z + 4*j. Calculate the remainder when z is divided by 3.
1
Let i = 11 + -9. Suppose i*l = -l + 63. Suppose 4*z = -18 + 62. Calculate the remainder when l is divided by z.
10
Suppose -2*b + 4*i + 40 = 0, 0 = -6*b + 2*b + 4*i + 60. Let v = -22 - -50. Calculate the remainder when v is divided by b.
8
Let k(a) = -a**3 - a - 1. Let z(s) = 3*s**3 + 6*s**2 - 4*s + 10. Let p(w) = 2*k(w) + z(w). What is the remainder when p(-6) is divided by 15?
14
Let h(v) = v**2 + v - 20. What is the remainder when h(9) is divided by 15?
10
Let f = 86 + -8. Let a = f + -51. Suppose 0 = -4*c + a + 133. Calculate the remainder when c is divided by 21.
19
What is the remainder when (-30)/(-4) - (-15)/(-10) is 